
Calculate the remainder when 179048 is divided by 3894.
3818
What is the remainder when 19739213 is divided by 19739187?
26
Calculate the remainder when 7497829 is divided by 144189.
1
Calculate the remainder when 1089180 is divided by 105.
15
Calculate the remainder when 9428509 is divided by 224488.
13
Calculate the remainder when 281454952 is divided by 167.
166
What is the remainder when 103210887 is divided by 152?
151
What is the remainder when 151688 is divided by 8920?
48
What is the remainder when 221648 is divided by 13038?
2
Calculate the remainder when 499860 is divided by 3164.
3112
Calculate the remainder when 2756603 is divided by 162152.
19
Calculate the remainder when 479741 is divided by 54.
5
What is the remainder when 4598998 is divided by 76?
10
Calculate the remainder when 105141 is divided by 2693.
114
What is the remainder when 1220055 is divided by 406682?
9
What is the remainder when 6153 is divided by 5257?
896
What is the remainder when 563087 is divided by 5413?
135
What is the remainder when 32389976 is divided by 608?
600
What is the remainder when 151979247 is divided by 4902556?
11
What is the remainder when 839109 is divided by 4652?
1749
Calculate the remainder when 12383149 is divided by 650.
649
Calculate the remainder when 283097 is divided by 38.
35
What is the remainder when 1253267 is divided by 46417?
8
What is the remainder when 88861172 is divided by 13?
10
What is the remainder when 1640703 is divided by 4?
3
What is the remainder when 47767343 is divided by 19?
13
Calculate the remainder when 257376 is divided by 5587.
374
Calculate the remainder when 1124587 is divided by 495.
442
What is the remainder when 86568766 is divided by 48?
46
What is the remainder when 11101893 is divided by 1009263?
0
Calculate the remainder when 16920374 is divided by 41.
2
What is the remainder when 4959677 is divided by 238?
233
What is the remainder when 38952 is divided by 2694?
1236
What is the remainder when 680946 is divided by 29?
26
What is the remainder when 34598096 is divided by 32?
16
Calculate the remainder when 5818175 is divided by 378.
377
What is the remainder when 224638775 is divided by 1058?
1041
What is the remainder when 174938911 is divided by 7951768?
15
Calculate the remainder when 2192684 is divided by 2192683.
1
What is the remainder when 266115 is divided by 66526?
11
What is the remainder when 10304699 is divided by 1888?
1883
Calculate the remainder when 58645 is divided by 10712.
5085
What is the remainder when 152951 is divided by 1233?
59
What is the remainder when 798760 is divided by 2585?
2580
What is the remainder when 30978862 is divided by 442555?
12
What is the remainder when 11993124 is divided by 5996559?
6
What is the remainder when 45210 is divided by 22600?
10
Calculate the remainder when 10138 is divided by 1473.
1300
Calculate the remainder when 23048202 is divided by 17.
10
Calculate the remainder when 167300 is divided by 6692.
0
What is the remainder when 267168 is divided by 66777?
60
What is the remainder when 498063577 is divided by 356?
353
What is the remainder when 2908001 is divided by 25?
1
What is the remainder when 2052862 is divided by 136854?
52
Calculate the remainder when 15214586 is divided by 1556.
18
What is the remainder when 8492980 is divided by 2830975?
55
What is the remainder when 92739 is divided by 9271?
29
What is the remainder when 73190985 is divided by 39?
36
Calculate the remainder when 1346898 is divided by 112235.
78
What is the remainder when 1685087 is divided by 48?
47
What is the remainder when 405924 is divided by 3440?
4
What is the remainder when 7186621 is divided by 24867?
58
What is the remainder when 568217 is divided by 42?
41
What is the remainder when 657525082 is divided by 14?
4
Calculate the remainder when 196999 is divided by 144.
7
Calculate the remainder when 219568021 is divided by 53.
45
What is the remainder when 609851 is divided by 609625?
226
Calculate the remainder when 14542720 is divided by 446.
444
Calculate the remainder when 479434 is divided by 119528.
1322
Calculate the remainder when 354398 is divided by 65.
18
What is the remainder when 186500 is divided by 784?
692
Calculate the remainder when 168803 is divided by 166.
147
Calculate the remainder when 200450 is divided by 200213.
237
Calculate the remainder when 66794 is divided by 1759.
1711
What is the remainder when 7846707 is divided by 436?
15
What is the remainder when 56527395 is divided by 1885?
15
What is the remainder when 4507977 is divided by 2253986?
5
What is the remainder when 109926 is divided by 730?
426
What is the remainder when 3343413 is divided by 30?
3
What is the remainder when 2979682 is divided by 993127?
301
Calculate the remainder when 20716 is divided by 1717.
112
What is the remainder when 11452484 is divided by 3817472?
68
What is the remainder when 15053982 is divided by 944?
14
What is the remainder when 706110375 is divided by 1324?
1315
Calculate the remainder when 889173 is divided by 3066.
33
What is the remainder when 158205 is divided by 6873?
126
What is the remainder when 3726434 is divided by 172?
54
Calculate the remainder when 14820897 is divided by 1905.
1902
Calculate the remainder when 60275 is divided by 1111.
281
Calculate the remainder when 136926161 is divided by 24.
17
What is the remainder when 307334031 is divided by 93?
0
Calculate the remainder when 11961155 is divided by 99.
74
What is the remainder when 1028136 is divided by 2500?
636
Calculate the remainder when 112891 is divided by 3755.
241
Calculate the remainder when 198629 is divided by 13039.
3044
Calculate the remainder when 532817 is divided by 12370.
907
What is the remainder when 39028681 is divided by 1250?
1181
What is the remainder when 33978547 is divided by 11326171?
34
What is the remainder when 4192002 is divided by 147?
3
What is the remainder when 16150380 is divided by 1594?
1566
Calculate the remainder when 1696394 is divided by 21.
14
Calculate the remainder when 1669566 is divided by 606.
36
What is the remainder when 328544 is divided by 1025?
544
What is the remainder when 599103 is divided by 1010?
173
Calculate the remainder when 258944 is divided by 797.
716
Calculate the remainder when 637455 is divided by 825.
555
Calculate the remainder when 46170 is divided by 3869.
3611
What is the remainder when 2617318 is divided by 14?
4
Calculate the remainder when 1785410 is divided by 927.
8
Calculate the remainder when 18381584 is divided by 230.
214
What is the remainder when 2014688 is divided by 41?
30
What is the remainder when 2422019 is divided by 5444?
4883
Calculate the remainder when 13410233 is divided by 3661.
3651
Calculate the remainder when 1388705 is divided by 49586.
297
Calculate the remainder when 1440412 is divided by 2910.
2872
What is the remainder when 2363371 is divided by 1825?
1821
Calculate the remainder when 54300 is divided by 346.
324
Calculate the remainder when 37761356 is divided by 699.
677
What is the remainder when 540250259 is divided by 330?
329
What is the remainder when 6622851 is divided by 124?
11
Calculate the remainder when 7203942 is divided by 29.
23
Calculate the remainder when 8303 is divided by 3904.
495
Calculate the remainder when 44058369 is divided by 46038.
3
Calculate the remainder when 848622 is divided by 106032.
366
Calculate the remainder when 6334872 is divided by 1583717.
4
What is the remainder when 220490 is divided by 24?
2
What is the remainder when 2698964 is divided by 9404?
16
What is the remainder when 261359710 is divided by 130679849?
12
Calculate the remainder when 686340 is divided by 882.
144
Calculate the remainder when 1395100 is divided by 16222.
8
Calculate the remainder when 950583 is divided by 36560.
23
Calculate the remainder when 20476254 is divided by 1177.
1162
Calculate the remainder when 239333 is divided by 2345.
143
Calculate the remainder when 140919 is divided by 22.
9
What is the remainder when 4560293 is divided by 4339?
4
Calculate the remainder when 402983748 is divided by 50.
48
What is the remainder when 430754 is divided by 215347?
60
What is the remainder when 4014749 is divided by 401472?
29
Calculate the remainder w